and 120.
120
Calculate the highest common divisor of 49 and 2401.
49
What is the highest common divisor of 54 and 81?
27
What is the highest common factor of 231 and 399?
21
What is the greatest common factor of 253 and 385?
11
Calculate the highest common divisor of 36 and 18264.
12
Calculate the highest common divisor of 387 and 18.
9
Calculate the greatest common divisor of 3040 and 480.
160
What is the highest common factor of 1815 and 385?
55
Calculate the greatest common divisor of 312 and 456.
24
Calculate the highest common factor of 3099 and 15.
3
What is the highest common factor of 18 and 846?
18
Calculate the highest common divisor of 14 and 69398.
14
What is the highest common divisor of 54 and 54?
54
What is the greatest common divisor of 130 and 52?
26
What is the highest common divisor of 7 and 19117?
7
What is the greatest common divisor of 111 and 3?
3
What is the highest common factor of 93 and 124?
31
Calculate the highest common factor of 1220 and 20.
20
What is the highest common divisor of 2 and 6502?
2
Calculate the greatest common factor of 812 and 28.
28
Calculate the greatest common factor of 4 and 58.
2
What is the highest common divisor of 190 and 50?
10
What is the greatest common factor of 432 and 792?
72
Calculate the highest common factor of 17 and 1751.
17
Calculate the highest common divisor of 17267 and 31.
31
What is the highest common divisor of 26 and 1573?
13
What is the greatest common divisor of 9507 and 3?
3
What is the greatest common divisor of 249 and 1743?
249
Calculate the greatest common factor of 46 and 184.
46
Calculate the highest common divisor of 6603 and 93.
93
Calculate the greatest common divisor of 64 and 576.
64
Calculate the highest common divisor of 13919 and 31.
31
What is the highest common divisor of 243 and 405?
81
What is the greatest common factor of 539 and 14?
7
What is the greatest common factor of 53 and 8?
1
What is the greatest common factor of 185 and 666?
37
What is the greatest common divisor of 216 and 78?
6
Calculate the greatest common factor of 8446 and 82.
82
Calculate the highest common factor of 20 and 100.
20
Calculate the highest common divisor of 688 and 304.
16
Calculate the greatest common factor of 40 and 30.
10
What is the greatest common factor of 6 and 1203?
3
Calculate the greatest common divisor of 276 and 1702.
46
What is the highest common factor of 455 and 1391?
13
Calculate the greatest common factor of 14139 and 9.
9
Calculate the greatest common factor of 64 and 116.
4
What is the greatest common divisor of 10 and 45?
5
What is the highest common divisor of 4 and 1?
1
What is the greatest common divisor of 30 and 15990?
30
Calculate the greatest common divisor of 18 and 162.
18
Calculate the highest common divisor of 2646 and 270.
54
Calculate the greatest common divisor of 469 and 91.
7
Calculate the greatest common factor of 6 and 141.
3
What is the highest common factor of 3321 and 123?
123
What is the highest common divisor of 448 and 2576?
112
What is the greatest common factor of 40 and 8?
8
What is the highest common divisor of 23 and 1058?
23
What is the highest common factor of 10 and 290?
10
What is the greatest common divisor of 148 and 3034?
74
Calculate the greatest common factor of 63 and 99.
9
Calculate the greatest common factor of 164 and 12.
4
Calculate the highest common factor of 232 and 16240.
232
What is the highest common factor of 1077 and 24053?
359
What is the highest common factor of 156 and 60?
12
Calculate the highest common divisor of 65 and 65.
65
Calculate the greatest common factor of 3 and 5085.
3
What is the greatest common factor of 4859 and 215?
43
Calculate the greatest common factor of 1892 and 176.
44
Calculate the greatest common divisor of 846 and 12.
6
Calculate the highest common factor of 75 and 1920.
15
What is the highest common divisor of 2 and 2?
2
Calculate the highest common divisor of 198 and 36.
18
What is the highest common divisor of 590 and 118?
118
Calculate the highest common divisor of 117 and 5733.
117
Calculate the greatest common divisor of 36 and 60.
12
What is the highest common divisor of 2 and 22?
2
What is the greatest common divisor of 86 and 1333?
43
Calculate the highest common factor of 406 and 28.
14
What is the greatest common divisor of 45 and 735?
15
What is the greatest common factor of 4142 and 38?
38
What is the highest common factor of 24 and 228?
12
Calculate the greatest common divisor of 15 and 465.
15
What is the greatest common factor of 268 and 11122?
134
What is the greatest common factor of 44 and 682?
22
What is the greatest common factor of 24 and 4752?
24
What is the greatest common divisor of 42 and 777?
21
What is the greatest common divisor of 6848 and 107?
107
Calculate the highest common divisor of 10552 and 4.
4
What is the greatest common factor of 12 and 2036?
4
What is the greatest common factor of 6335 and 35?
35
Calculate the highest common divisor of 416 and 1352.
104
Calculate the highest common factor of 7970 and 50.
10
What is the greatest common divisor of 2090 and 3610?
190
What is the greatest common divisor of 1450 and 1566?
58
What is the highest common factor of 896 and 28?
28
Calculate the greatest common divisor of 117 and 3484.
13
Calculate the greatest common factor of 170 and 3315.
85
What is the greatest common factor of 8937 and 189?
27
What is the greatest common factor of 365 and 10?
5
Calculate the highest common divisor of 377 and 52.
13
What is the highest common factor of 296 and 72?
8
What is the greatest common factor of 350 and 224?
14
Calculate the greatest common divisor of 39 and 780.
39
What is the highest common factor of 104 and 184?
8
What is the highest common divisor of 325 and 100?
25
Calculate the highest common factor of 130 and 230.
10
What is the greatest common factor of 828 and 1564?
92
What is the highest common factor of 4185 and 310?
155
What is the greatest common factor of 16092 and 108?
108
What is the greatest common divisor of 24 and 66?
6
Calculate the greatest common divisor of 144 and 36.
36
What is the greatest common factor of 2560 and 16?
16
What is the greatest common divisor of 160 and 192?
32
Calculate the highest common factor of 16 and 256.
16
What is the greatest common divisor of 280 and 3416?
56
What is the highest common factor of 4295 and 5?
5
What is the highest common divisor of 96 and 160?
32
Calculate the greatest common factor of 88 and 2354.
22
Calculate the greatest common factor of 259 and 14.
7
Calculate the highest common divisor of 1024 and 8.
8
What is the greatest common divisor of 20 and 355?
5
Calculate the greatest common divisor of 22 and 143.
11
Calculate the highest common factor of 101584 and 112.
112
Calculate the greatest common factor of 80 and 16.
16
What is the highest common divisor of 9548 and 176?
44
What is the greatest common divisor of 112 and 80?
16
What is the greatest common factor of 1554 and 8029?
259
What is the highest common divisor of 24 and 2136?
24
Calculate the highest common divisor of 1118 and 338.
26
Calculate the greatest common factor of 352 and 5568.
32
Calculate the greatest common divisor of 76 and 703.
19
What is the greatest common divisor of 39 and 78?
39
What is the greatest common divisor of 161 and 92?
23
What is the greatest common divisor of 10 and 890?
10
What is the highest common divisor of 49 and 7?
7
What is the greatest common factor of 2457 and 2583?
63
Calculate the greatest common factor of 35979 and 402.
201
What is the greatest common divisor of 3060 and 180?
180
What is the highest common divisor of 3249 and 99?
9
What is the greatest common divisor of 494 and 260?
26
Calculate the greatest common factor of 1085 and 84.
7
What is the highest common divisor of 2 and 72?
2
Calculate the highest common divisor of 98 and 49.
49
Calculate the highest common factor of 4332 and 24.
12
What is the greatest common divisor of 168 and 8568?
168
What is the greatest common factor of 5 and 5?
5
What is the greatest common divisor of 5512 and 32?
8
Calculate the highest common divisor of 368 and 92.
92
Calculate the highest common divisor of 1302 and 7254.
186
What is the highest common divisor of 1220 and 440?
20
What i